{"id":839,"date":"2016-12-06T08:32:25","date_gmt":"2016-12-06T08:32:25","guid":{"rendered":"http:\/\/www.proaguas.es\/va\/?page_id=839"},"modified":"2023-04-06T08:19:17","modified_gmt":"2023-04-06T08:19:17","slug":"laboratori","status":"publish","type":"page","link":"https:\/\/www.proaguas.es\/va\/departaments\/analisi-i-control-dinstal%c2%b7lacions\/laboratori\/","title":{"rendered":"Laboratori"},"content":{"rendered":"<img loading=\"lazy\" decoding=\"async\" class=\"alignnone size-full wp-image-821\" src=\"http:\/\/www.proaguas.es\/wp-content\/uploads\/2016\/10\/IMG_6162-1.jpg\" alt=\"img_6162\" width=\"1170\" height=\"450\" srcset=\"https:\/\/www.proaguas.es\/wp-content\/uploads\/2016\/10\/IMG_6162-1.jpg 1170w, https:\/\/www.proaguas.es\/wp-content\/uploads\/2016\/10\/IMG_6162-1-300x115.jpg 300w, https:\/\/www.proaguas.es\/wp-content\/uploads\/2016\/10\/IMG_6162-1-768x295.jpg 768w, https:\/\/www.proaguas.es\/wp-content\/uploads\/2016\/10\/IMG_6162-1-1024x394.jpg 1024w, https:\/\/www.proaguas.es\/wp-content\/uploads\/2016\/10\/IMG_6162-1-640x246.jpg 640w\" sizes=\"auto, (max-width: 639px) 98vw, (max-width: 1199px) 64vw, 770px\" \/>\n<p class=\"p1\">Per a desenrotllar les nostres funcions, el laboratori disposa d&#8217;unes instal\u00b7lacions dotades de l&#8217;equipament i instrumentaci\u00f3 avan\u00e7ats per a donar soluci\u00f3 a les necessitats relatives a l&#8217;aigua.<\/p>\n<p class=\"p1\">L&#8217;activitat del laboratori compr\u00e9n la realitzaci\u00f3 d&#8217;un ampli rang de par\u00e0metres anal\u00edtics en mostres d&#8217;aig\u00fces i fangs en els seg\u00fcents camps d&#8217;actuaci\u00f3:<\/p>\n<ul>\n<li style=\"list-style-type: none;\">\n<ul>\n<li class=\"li1\">An\u00e0lisi de control de funcionament d&#8217;E.D.A.R.<\/li>\n<li class=\"li1\">Caracteritzaci\u00f3 d&#8217;aig\u00fces de consum, de dep\u00f2sits, xarxes de distribuci\u00f3, pous i brolladors.<\/li>\n<li class=\"li1\">An\u00e0lisi d&#8217;aig\u00fces continentals i marines.<\/li>\n<li class=\"li1\">An\u00e0lisi d&#8217;aig\u00fces per a reutilitzaci\u00f3.<\/li>\n<li class=\"li1\">An\u00e0lisi de fangs procedents de depuradores i avaluaci\u00f3 del seu possible \u00fas en agricultura.<\/li>\n<li class=\"li1\">Assessorament en tractaments fisicoqu\u00edmics d&#8217;aig\u00fces i tractaments terciaris.<\/li>\n<li class=\"li1\">Presa de mostres d&#8217;aig\u00fces i fangs.<\/li>\n<\/ul>\n<\/li>\n<\/ul>\n<p class=\"p3\">A causa dels requisits reglamentaris, cada vegada m\u00e9s rigorosos, els servicis anal\u00edtics demandats pels nostres clients s\u00f3n cada vegada m\u00e9s exigents, a fi de complir a les dites disposicions. El coneixement dels requisits legals i normatius en mat\u00e8ria de medi ambient ens permet orientar els treballs per a l&#8217;obtenci\u00f3 de la informaci\u00f3 adequada en cada cas:<\/p>\n<ul>\n<li class=\"li3\">An\u00e0lisi d&#8217;aig\u00fces residuals tractades segons RD 509\/1996.<\/li>\n<li class=\"li3\">An\u00e0lisi de mostres segons Autoritzacions d&#8217;Abocament a Domini P\u00fablic Hidr\u00e0ulic (Confederacions Hidrogr\u00e0fiques).<\/li>\n<li class=\"li3\">An\u00e0lisi de mostres segons Ordenances Municipals d&#8217;Abocaments a Clavegueram<\/li>\n<li class=\"li3\">An\u00e0lisi d&#8217;aig\u00fces de consum segons RD 03\/2023.<\/li>\n<li class=\"li3\">Control de legionel\u00b7losi segons RD 487\/2022.<\/li>\n<li class=\"li1\">An\u00e0lisi d&#8217;aig\u00fces segons RD 817\/2015 per a l&#8217;avaluaci\u00f3 de l&#8217;estat de les aig\u00fces superficials<\/li>\n<li class=\"li1\">An\u00e0lisi d&#8217;aig\u00fces reutilitzades segons RD 1620\/2007 pel qual es regula el r\u00e8gim jur\u00eddic de la reutilitzaci\u00f3 de les aig\u00fces depurades<\/li>\n<li class=\"li1\">An\u00e0lisi d&#8217;aig\u00fces de piscina segons RD 742\/2013 i Decret 85\/2018<\/li>\n<li class=\"li1\">An\u00e0lisi de fangs segons RD 1310\/1990 i Orde AAA\/1072\/2013 d&#8217;aplicaci\u00f3 agr\u00edcola de fangs de depuradora.<\/li>\n<li class=\"li1\">An\u00e0lisi de residus en abocadors segons l&#8217;Orde AAA\/661\/2013<\/li>\n<li class=\"li1\">Verificacions d&#8217;autoritzacions ambientals integrades.<\/li>\n<\/ul>\n<p><a href=\"https:\/\/www.proaguas.es\/va\/qualitat-i-medi-ambient\/acreditacions-i-certificacions\/\">Acreditacions i certificacions<\/a><\/p>\n<p class=\"p1\">\n","protected":false},"excerpt":{"rendered":"<p>Per a desenrotllar les nostres funcions, el laboratori disposa d&#8217;unes instal\u00b7lacions dotades de l&#8217;equipament i instrumentaci\u00f3 avan\u00e7ats per a donar soluci\u00f3 a les necessitats relatives a l&#8217;aigua. L&#8217;activitat del laboratori compr\u00e9n la realitzaci\u00f3 d&#8217;un ampli rang de par\u00e0metres anal\u00edtics en mostres d&#8217;aig\u00fces i fangs en els seg\u00fcents camps d&#8217;actuaci\u00f3: An\u00e0lisi de control de funcionament d&#8217;E.D.A.R. [&hellip;]<\/p>\n","protected":false},"author":3,"featured_media":0,"parent":835,"menu_order":0,"comment_status":"closed","ping_status":"closed","template":"page-templates\/page-full-width.php","meta":{"footnotes":""},"class_list":["post-839","page","type-page","status-publish","hentry"],"_links":{"self":[{"href":"https:\/\/www.proaguas.es\/va\/wp-json\/wp\/v2\/pages\/839","targetHints":{"allow":["GET"]}}],"collection":[{"href":"https:\/\/www.proaguas.es\/va\/wp-json\/wp\/v2\/pages"}],"about":[{"href":"https:\/\/www.proaguas.es\/va\/wp-json\/wp\/v2\/types\/page"}],"author":[{"embeddable":true,"href":"https:\/\/www.proaguas.es\/va\/wp-json\/wp\/v2\/users\/3"}],"replies":[{"embeddable":true,"href":"https:\/\/www.proaguas.es\/va\/wp-json\/wp\/v2\/comments?post=839"}],"version-history":[{"count":2,"href":"https:\/\/www.proaguas.es\/va\/wp-json\/wp\/v2\/pages\/839\/revisions"}],"predecessor-version":[{"id":1814,"href":"https:\/\/www.proaguas.es\/va\/wp-json\/wp\/v2\/pages\/839\/revisions\/1814"}],"up":[{"embeddable":true,"href":"https:\/\/www.proaguas.es\/va\/wp-json\/wp\/v2\/pages\/835"}],"wp:attachment":[{"href":"https:\/\/www.proaguas.es\/va\/wp-json\/wp\/v2\/media?parent=839"}],"curies":[{"name":"wp","href":"https:\/\/api.w.org\/{rel}","templated":true}]}}

<img loading="lazy" decoding="async" class="alignnone size-full wp-image-821" src="http://www.proaguas.es/wp-content/uploads/2016/10/IMG_6162-1.jpg" alt="img_6162" width="1170" height="450" srcset="https://www.proaguas.es/wp-content/uploads/2016/10/IMG_6162-1.jpg 1170w, https://www.proaguas.es/wp-content/uploads/2016/10/IMG_6162-1-300x115.jpg 300w, https://www.proaguas.es/wp-content/uploads/2016/10/IMG_6162-1-768x295.jpg 768w, https://www.proaguas.es/wp-content/uploads/2016/10/IMG_6162-1-1024x394.jpg 1024w, https://www.proaguas.es/wp-content/uploads/2016/10/IMG_6162-1-640x246.jpg 640w" sizes="auto, (max-width: 639px) 98vw, (max-width: 1199px) 64vw, 770px" />
<p class="p1">Per a desenrotllar les nostres funcions, el laboratori disposa d&#8217;unes instal·lacions dotades de l&#8217;equipament i instrumentació avançats per a donar solució a les necessitats relatives a l&#8217;aigua.</p>
<p class="p1">L&#8217;activitat del laboratori comprén la realització d&#8217;un ampli rang de paràmetres analítics en mostres d&#8217;aigües i fangs en els següents camps d&#8217;actuació:</p>
<ul>
<li style="list-style-type: none;">
<ul>
<li class="li1">Anàlisi de control de funcionament d&#8217;E.D.A.R.</li>
<li class="li1">Caracterització d&#8217;aigües de consum, de depòsits, xarxes de distribució, pous i brolladors.</li>
<li class="li1">Anàlisi d&#8217;aigües continentals i marines.</li>
<li class="li1">Anàlisi d&#8217;aigües per a reutilització.</li>
<li class="li1">Anàlisi de fangs procedents de depuradores i avaluació del seu possible ús en agricultura.</li>
<li class="li1">Assessorament en tractaments fisicoquímics d&#8217;aigües i tractaments terciaris.</li>
<li class="li1">Presa de mostres d&#8217;aigües i fangs.</li>
</ul>
</li>
</ul>
<p class="p3">A causa dels requisits reglamentaris, cada vegada més rigorosos, els servicis analítics demandats pels nostres clients són cada vegada més exigents, a fi de complir a les dites disposicions. El coneixement dels requisits legals i normatius en matèria de medi ambient ens permet orientar els treballs per a l&#8217;obtenció de la informació adequada en cada cas:</p>
<ul>
<li class="li3">Anàlisi d&#8217;aigües residuals tractades segons RD 509/1996.</li>
<li class="li3">Anàlisi de mostres segons Autoritzacions d&#8217;Abocament a Domini Públic Hidràulic (Confederacions Hidrogràfiques).</li>
<li class="li3">Anàlisi de mostres segons Ordenances Municipals d&#8217;Abocaments a Clavegueram</li>
<li class="li3">Anàlisi d&#8217;aigües de consum segons RD 03/2023.</li>
<li class="li3">Control de legionel·losi segons RD 487/2022.</li>
<li class="li1">Anàlisi d&#8217;aigües segons RD 817/2015 per a l&#8217;avaluació de l&#8217;estat de les aigües superficials</li>
<li class="li1">Anàlisi d&#8217;aigües reutilitzades segons RD 1620/2007 pel qual es regula el règim jurídic de la reutilització de les aigües depurades</li>
<li class="li1">Anàlisi d&#8217;aigües de piscina segons RD 742/2013 i Decret 85/2018</li>
<li class="li1">Anàlisi de fangs segons RD 1310/1990 i Orde AAA/1072/2013 d&#8217;aplicació agrícola de fangs de depuradora.</li>
<li class="li1">Anàlisi de residus en abocadors segons l&#8217;Orde AAA/661/2013</li>
<li class="li1">Verificacions d&#8217;autoritzacions ambientals integrades.</li>
</ul>
<p><a href="https://www.proaguas.es/va/qualitat-i-medi-ambient/acreditacions-i-certificacions/">Acreditacions i certificacions</a></p>
<p class="p1">

<p>Per a desenrotllar les nostres funcions, el laboratori disposa d&#8217;unes instal·lacions dotades de l&#8217;equipament i instrumentació avançats per a donar solució a les necessitats relatives a l&#8217;aigua. L&#8217;activitat del laboratori comprén la realització d&#8217;un ampli rang de paràmetres analítics en mostres d&#8217;aigües i fangs en els següents camps d&#8217;actuació: Anàlisi de control de funcionament d&#8217;E.D.A.R. [&hellip;]</p>
